 -4*j + i + 40 + 29, -3*j = 5*i - 23. Let v be s(j). Determine b(v).
-6
Let l(w) = -4*w + 88. Let f = -2352 + 2376. Give l(f).
-8
Suppose 4*v = 4*p - 20, 3*p - 9 - 22 = -v. Suppose -p*u + 13*u - 24 = 0. Let k(y) = -y**3 + 4*y**2 + 6*y + 5. What is k(u)?
-31
Let q(j) = j**2 + 5*j - 4. Let k = -240 - -215. Let p be 6/(-8) - k/8*-2. What is q(p)?
10
Let l(p) = -231*p + 459. Let u be l(2). Let x(f) = f**3 + 2*f**2 - 6*f - 2. What is x(u)?
7
Let z(c) = 61*c - 56*c**3 + 4*c**2 + 0*c**2 - 110*c - 2*c**2 + 51*c + 1. Determine z(-1).
57
Let j(k) = -k**2 + 6*k - 3. Let t be j(5). Let b = 1629 - 1627. Let h(s) = -s + 5*s**2 - 10 - 3*s**t - s**b + 6. Determine h(4).
8
Let r = 780 + -778. Let j(y) = 3*y**2 - y - 1. Calculate j(r).
9
Let d(r) = 11*r - 10. Let p be (-3 - (-5 - 0))*-2 - -4. Give d(p).
-10
Let b(a) = -25*a - 334. Suppose -m - 14 = 4*p, -2*m + 2*p - 268 + 240 = 0. What is b(m)?
16
Let t be (-1095)/(-40) - 15/40. Let y be (-1)/9 - (78/t - 5). Let q(z) = -6*z + 1. Determine q(y).
-11
Let j(m) = 2*m**2 - 7*m + 2. Let q(i) = i**2 - 31*i + 200. Let u be q(9). Calculate j(u).
-4
Let k(n) be the second derivative of -n**4/2 + 3*n**2/2 - 117*n. Let i(l) = 26*l**2 - 13. Let j(c) = 2*i(c) + 9*k(c). What is j(-2)?
-7
Let b(y) = 10 - 3*y**2 + 4*y**2 + 48*y - 38*y. Let s be b(-8). Let l(d) = d**2 + 9*d + 24. Let v be l(s). Let g(u) = -u - 4. Calculate g(v).
-10
Let a(v) be the first derivative of 4*v**2 + 7*v + 1/3*v**3 + 53. What is a(-8)?
7
Let g be (0 - (-44)/154)/((-2)/56). Let j(x) = -7*x**3 - 12*x**2 + 15*x - 15. Let i(m) = -10*m**3 - 18*m**2 + 23*m - 22. Let t(v) = -5*i(v) + 7*j(v). Give t(g).
-43
Let j(q) = -3*q + 41. Let s be (-10)/(-15) + (-200)/(-24). What is j(s)?
14
Let h(b) = 4*b**2 - 2*b - 3. Let i(x) = 7*x**2 - 4*x - 5. Let a(g) = 4*h(g) - 3*i(g). What is a(-1)?
-6
Suppose 0 = -4*u - 3*k + 37, 41 = 5*u + 90*k - 88*k. Let n(j) = 8*j - 23. What is n(u)?
33
Suppose -5*m - 4 + 34 = 0. Let b be (9/(-6))/((-3)/m). Let y(d) be the second derivative of -d**3/2 - 2*d**2 + 22*d. Determine y(b).
-13
Let j(w) = 2*w**2 + 62*w - 2. Let y(n) = -n + 1. Let x(i) = 2*j(i) + 38*y(i). What is x(-21)?
-8
Let h(g) = g**3 - 3*g**2 + 2*g. Let o(l) = -14*l + 18. Let q(i) = 6*i - 43. Let b be q(8). Let n be o(b). Let p = -49 - n. Give h(p).
6
Let m = -23539 - -23532. Let q(j) = j**3 + 9*j**2 + 14*j - 2. Give q(m).
-2
Let g = 21203 - 21204. Let i(v) = 3*v**2 - 4*v - 1. What is i(g)?
6
Let v(r) = -5*r - 5. Let a(u) = -u**3 - 6*u**2 - 1. Let k be a(-6). Let z(h) = h. Let p(s) = k*v(s) - 6*z(s). What is p(-4)?
9
Let m(q) = q + 21. Let x(r) = -r**2 + 41*r - 417. Let k be x(17). What is m(k)?
12
Let r(z) = -2*z + 29. Let u be ((-112)/(-70))/(2858/(-1430) - -2). Let t be u/77 + 6/(-7). Determine r(t).
1
Let g(w) be the first derivative of 0*w + 16*w**2 - 1/24*w**4 - 3/2*w**3 + 29. Let b(j) be the second derivative of g(j). Determine b(-11).
2
Let c(m) = m**3 + m**2 - 8*m - 98. Let u be c(-6). Let f = -239 - u. Let b(x) = -x**3 - 9*x**2 - 2*x - 8. Give b(f).
10
Let g(p) = -4*p + 55. Let f(o) = 0 + 24 + 12 - 8 - 8*o + 5*o. Let u(k) = -7*f(k) + 4*g(k). What is u(-5)?
-1
Let h(v) = -159*v**2 + 463*v**2 - 3 - 154*v**2 - 10*v - 163*v**2. Let i(n) = 36*n**2 + 29*n + 7. Let s(z) = -11*h(z) - 4*i(z). Give s(-5).
10
Suppose -1538 = 64*a - 1986. Let s(h) = 5*h - 45. What is s(a)?
-10
Let l(t) = -t**3 + 3*t**2. Let p be l(3). Suppose 14*x - 126 = -p*x. Let b(f) = -f + 4. Give b(x).
-5
Let q(z) = -z**2 - z + 4. Suppose 2*x + 3*g - 1 = 0, 11 + 1 = 4*g. Let o be 8*((-8)/x - 9/6). Suppose -1 = -o*i - 13. What is q(i)?
-2
Let j = 2167 + -2174. Let s(b) = -b**2 - 6*b - 10. Determine s(j).
-17
Let w = 54 + -54. Suppose w = p - 5*q - 16, 3*p + 2*p - 5*q - 20 = 0. Let v(i) = -2*i**2 - 3*i**3 - 1 + i + 1. What is v(p)?
-4
Let o be (-17)/153*(-1 - (27/(-6))/(-9)). Let p(x) be the second derivative of -o*x**3 + 2*x**2 - 18*x + 0. Give p(-3).
7
Let z(t) = -t**2 - 2*t - 3. Let i be (-56)/35 - (-8)/5. What is z(i)?
-3
Let x(w) be the third derivative of -w**4/12 + w**3/6 - 2*w**2. Suppose -20*i = -29*i - 3798. Let s = 424 + i. Give x(s).
-3
Suppose 16*i = 21*i - 25. Suppose -220 = -i*a - 225. Let r(y) = 6*y**2 + 5*y + 2. Let u(c) = 3*c**2 + 3*c + 1. Let k(p) = -3*r(p) + 5*u(p). Determine k(a).
-4
Let f be 2 + (-88)/(-12) - 37/111. Let h(o) = 7*o**2 + 29*o - 1. Let i(m) = 3*m**2 + 14*m - 1. Let d(l) = -4*h(l) + 9*i(l). Determine d(f).
4
Let q(y) = -y**3 - 8*y**2 - 12*y - 32. Let w be q(-7). Suppose 0 = -4*v - d - 8 - 40, w*v = d - 43. Let i = v + 8. Let c(f) = -f**2 - 6*f + 1. Determine c(i).
6
Let f(y) = y**3 - y**2 - y. Let r be (-1)/(-3)*13/(91/945). Let v be (-9)/r - (-62)/10. Suppose -v*i + 0 + 0 = 0. Determine f(i).
0
Let u(a) = 633*a**3 + 637*a**3 + 5*a + 633*a**3 - 1904*a**3 - 5 - 3*a**2. What is u(-6)?
73
Let i(g) = -g**3 + 23*g**2 + 10*g - 1. Let j(a) = 25*a**2 + 9*a - 2. Let z(l) = -3*i(l) + 4*j(l). Calculate z(-10).
35
Let h(k) = -7*k + 28. Let j(o) = -15*o + 49. Let m(d) = 11*h(d) - 6*j(d). What is m(2)?
40
Let n(h) = 44*h. Let f(t) = 95*t + 3. Let k(o) = f(o) - 2*n(o). Let c be 4/6 + (-33)/9. Give k(c).
-18
Let z(r) = -32 + r - 38 + 75 + r**2. Suppose 0 = -5*u - 11 + 1. Let w = u + 2. What is z(w)?
5
Let j(i) = -67*i**2 - 3 - 58*i**2 + 4*i + 114*i**2. Let s(q) = 32*q**2 - 11*q + 8. Let m(o) = -11*j(o) - 4*s(o). What is m(-1)?
-6
Let z(f) = f**2 + 12*f + 6. Let t(u) = 19*u**2 - 208*u - 21. Let k be t(11). Calculate z(k).
-14
Let l(d) be the third derivative of -9*d**6/40 - 7*d**5/60 + 7*d**4/24 + d**3/6 - 1679*d**2 - 2*d + 1. Calculate l(1).
-26
Suppose -2*v = -4*g - 18, -3*g = -5*v - 13 + 44. Let b(x) = x**3 - 5*x**2 + 6*x + 3. Give b(v).
33
Let f be (6/(-7))/(2*30/(-2380)). Let x(y) = -3*y + 100. What is x(f)?
-2
Let b(q) = -q**3 + 5*q**2 + 8*q - 9. Let v be (-21)/63 + (136/6)/2. Suppose v*i - 372 = -51*i. Give b(i).
3
Suppose -3*z - 16 + 1 = 0. Let u(y) = -107*y**2 + 1. Let x(t) = 748*t**2 - 4*t - 14. Let o(g) = 7*u(g) + x(g). Calculate o(z).
-12
Let t(z) = -z**2 - 6*z + 1. Let q(a) = -50 + 0*a**2 - 5*a**2 + 5*a**2 + a**2 + 13*a - 6*a. Let g be q(-11). What is t(g)?
1
Suppose -3*i = 4*i - 28. Suppose 5*n - i*n - 40 = 0. Suppose 17*u - 7*u - n = 0. Let h(o) = -o**2 + 2*o + 5. Calculate h(u).
-3
Let y(i) = -i**3 - 6*i**2 - 2*i - 4. Let p(x) = 5*x**2 + x + 4. Let q(a) = -5*p(a) - 4*y(a). Give q(3).
104
Let u(i) = 106*i - 6. Let t(g) = 27*g. Let f(q) = -4*t(q) + u(q). Let r be (20/(-16))/(1/4). What is f(r)?
4
Let w(h) be the third derivative of -h**7/5040 + 29*h**5/60 + 63*h**2. Let z(a) be the third derivative of w(a). Calculate z(-4).
4
Let t(o) be the second derivative of -1/3*o**4 - 1/3*o**3 + 88*o - o**2 - 2 - 1/20*o**5. What is t(-4)?
6
Let n(r) = -2*r + 1. Suppose -349 = -9*l + 254. Let b(i) = -10*i + 37 + 7 - l + 13*i**2 - i**3. Let a be b(12). Calculate n(a).
-1
Let z(a) be the third derivative of 0 + 36*a**2 + 0*a - 1/3*a**3 - 1/15*a**5 - 1/8*a**4. Determine z(-3).
-29
Let d be (2/(-10))/(((-63)/(-90))/(-7)). Let i(r) = -2*r**3 + 12*r**d + 3*r**2 - 17*r + 3*r**3 + 5 + r**2. Give i(-17).
5
Let z(o) be the first derivative of -o**4/4 + 7*o**3/3 - 5*o**2 + 9*o + 1. Let f be ((35 + -15)/(-40))/((-1)/12). Calculate z(f).
-15
Suppose 5*v - 40 = -5*a, -a = a + v - 21. Let b(t) = t**3 - 14*t**2 + 16*t - 30. Let f be b(a). Let k(l) = -l**2 + 10*l - 7. What is k(f)?
2
Let x(y) = -y**3 - 46*y**2 - 44*y + 45. Let f(r) = -54*r + 9. Let l be f(1). Let c be x(l). Let b(w) = -3*w + w - 15 + 3*w. Calculate b(c).
-15
Suppose -42 = -3*o - 15. Suppose -3*x = -x + n + 3, 0 = x - 3*n - o. Let v(w) = -w**2 - w + 34. Calculate v(x).
34
Let x = 41 + -39. Let k(q) = 37 + 7*q**2 - q**2 - 13 + 16*q - 5*q**x. Let y be k(-15). Let j(h) = h**2 - 9*h - 4. Determine j(y).
-4
Suppose -6*p + p - 35 = 0. Let x(n) = -231*n**3 - 8*n**2 - 11*n + 10. Let u(g) = -1501*g**3 - 48*g**2 - 67*g + 62. Let q(y) = 2*u(y) - 13*x(y). Determine q(p).
-20
Let f(w) = 4*w - 32 + 19*w - w - 18*w. What is f(10)?
8
Let n(c) = -2*c - 10. Let l be (11 - 5)*(-434)/(-21). Let x be l/(-12) + 10/(-6). Determine n(x).
14
Let p be (3/((-18)/268))/((-25)/(-75)). Let u = p + 133. Let a(n) = -3*n**2 - 1. Calculate a(u).
-4
Let m(g) be the second derivative of -g**4/12 - 5*g**3/6 - 2*g**2 + 5*g. Let p = 23 + -20. Suppose 0*i + i + k + p = 0, 